{"id":246,"date":"2025-01-16T22:59:22","date_gmt":"2025-01-17T03:59:22","guid":{"rendered":"https:\/\/firehouse.pe\/?post_type=product&#038;p=246"},"modified":"2025-01-17T19:46:16","modified_gmt":"2025-01-18T00:46:16","slug":"camara-pt","status":"publish","type":"product","link":"https:\/\/firehouse.pe\/?product=camara-pt","title":{"rendered":"C\u00e1mara PT"},"content":{"rendered":"","protected":false},"excerpt":{"rendered":"<p>Las c\u00e1maras PT (Pan and Tilt) de Hikvision revolucionan el monitoreo de seguridad al permitir a los usuarios mover e inclinar la c\u00e1mara sin esfuerzo usando la aplicaci\u00f3n m\u00f3vil Hik-Connect.<\/p>\n","protected":false},"featured_media":247,"comment_status":"open","ping_status":"closed","template":"","meta":[],"product_cat":[19],"product_tag":[],"class_list":{"0":"post-246","1":"product","2":"type-product","3":"status-publish","4":"has-post-thumbnail","6":"product_cat-security","8":"first","9":"instock","10":"shipping-taxable","11":"purchasable","12":"product-type-simple"},"_links":{"self":[{"href":"https:\/\/firehouse.pe\/index.php?rest_route=\/wp\/v2\/product\/246","targetHints":{"allow":["GET"]}}],"collection":[{"href":"https:\/\/firehouse.pe\/index.php?rest_route=\/wp\/v2\/product"}],"about":[{"href":"https:\/\/firehouse.pe\/index.php?rest_route=\/wp\/v2\/types\/product"}],"replies":[{"embeddable":true,"href":"https:\/\/firehouse.pe\/index.php?rest_route=%2Fwp%2Fv2%2Fcomments&post=246"}],"wp:featuredmedia":[{"embeddable":true,"href":"https:\/\/firehouse.pe\/index.php?rest_route=\/wp\/v2\/media\/247"}],"wp:attachment":[{"href":"https:\/\/firehouse.pe\/index.php?rest_route=%2Fwp%2Fv2%2Fmedia&parent=246"}],"wp:term":[{"taxonomy":"product_cat","embeddable":true,"href":"https:\/\/firehouse.pe\/index.php?rest_route=%2Fwp%2Fv2%2Fproduct_cat&post=246"},{"taxonomy":"product_tag","embeddable":true,"href":"https:\/\/firehouse.pe\/index.php?rest_route=%2Fwp%2Fv2%2Fproduct_tag&post=246"}],"curies":[{"name":"wp","href":"https:\/\/api.w.org\/{rel}","templated":true}]}}