{"id":398,"date":"2025-02-18T23:00:30","date_gmt":"2025-02-19T04:00:30","guid":{"rendered":"https:\/\/firehouse.pe\/?post_type=product&#038;p=398"},"modified":"2025-02-18T23:00:30","modified_gmt":"2025-02-19T04:00:30","slug":"mini-esqueleto-de-45-cm-xc-103","status":"publish","type":"product","link":"https:\/\/firehouse.pe\/?product=mini-esqueleto-de-45-cm-xc-103","title":{"rendered":"Mini esqueleto de 45 cm  XC-103"},"content":{"rendered":"","protected":false},"excerpt":{"rendered":"<p>Este modelo de esqueleto en miniatura presenta una mand\u00edbula m\u00f3vil con  resortes, b\u00f3veda craneal desmontable, brazos m\u00f3viles y piernas  desmontables para estudio individual. Tama\u00f1o: 45 cm. Embalaje: 24 piezas\/caja, 69 x 55 x 35 cm, 15 kg<\/p>\n","protected":false},"featured_media":399,"comment_status":"open","ping_status":"closed","template":"","meta":[],"product_cat":[21],"product_tag":[],"class_list":{"0":"post-398","1":"product","2":"type-product","3":"status-publish","4":"has-post-thumbnail","6":"product_cat-medical-training-devices","8":"first","9":"instock","10":"shipping-taxable","11":"purchasable","12":"product-type-simple"},"_links":{"self":[{"href":"https:\/\/firehouse.pe\/index.php?rest_route=\/wp\/v2\/product\/398","targetHints":{"allow":["GET"]}}],"collection":[{"href":"https:\/\/firehouse.pe\/index.php?rest_route=\/wp\/v2\/product"}],"about":[{"href":"https:\/\/firehouse.pe\/index.php?rest_route=\/wp\/v2\/types\/product"}],"replies":[{"embeddable":true,"href":"https:\/\/firehouse.pe\/index.php?rest_route=%2Fwp%2Fv2%2Fcomments&post=398"}],"wp:featuredmedia":[{"embeddable":true,"href":"https:\/\/firehouse.pe\/index.php?rest_route=\/wp\/v2\/media\/399"}],"wp:attachment":[{"href":"https:\/\/firehouse.pe\/index.php?rest_route=%2Fwp%2Fv2%2Fmedia&parent=398"}],"wp:term":[{"taxonomy":"product_cat","embeddable":true,"href":"https:\/\/firehouse.pe\/index.php?rest_route=%2Fwp%2Fv2%2Fproduct_cat&post=398"},{"taxonomy":"product_tag","embeddable":true,"href":"https:\/\/firehouse.pe\/index.php?rest_route=%2Fwp%2Fv2%2Fproduct_tag&post=398"}],"curies":[{"name":"wp","href":"https:\/\/api.w.org\/{rel}","templated":true}]}}