{"id":419,"date":"2025-02-18T23:14:25","date_gmt":"2025-02-19T04:14:25","guid":{"rendered":"https:\/\/firehouse.pe\/?post_type=product&#038;p=419"},"modified":"2025-02-18T23:40:38","modified_gmt":"2025-02-19T04:40:38","slug":"articulacion-del-codo-en-tamano-real-xc-112","status":"publish","type":"product","link":"https:\/\/firehouse.pe\/?product=articulacion-del-codo-en-tamano-real-xc-112","title":{"rendered":"Articulaci\u00f3n del codo en tama\u00f1o real XC-112"},"content":{"rendered":"","protected":false},"excerpt":{"rendered":"<p>Demuestra la abducci\u00f3n, anteversi\u00f3n, retroversi\u00f3n y rotaci\u00f3n interna\/externa  del radio. Incluye ligamentos artificiales flexibles. Tama\u00f1o natural, sobre  soporte. Tama\u00f1o: 17 x 14,5 x 24 cm. Embalaje: 10 piezas\/caja, 74 x 43 x 29 cm, 6 kg<\/p>\n","protected":false},"featured_media":420,"comment_status":"open","ping_status":"closed","template":"","meta":[],"product_cat":[21],"product_tag":[],"class_list":{"0":"post-419","1":"product","2":"type-product","3":"status-publish","4":"has-post-thumbnail","6":"product_cat-medical-training-devices","8":"first","9":"instock","10":"shipping-taxable","11":"purchasable","12":"product-type-simple"},"_links":{"self":[{"href":"https:\/\/firehouse.pe\/index.php?rest_route=\/wp\/v2\/product\/419","targetHints":{"allow":["GET"]}}],"collection":[{"href":"https:\/\/firehouse.pe\/index.php?rest_route=\/wp\/v2\/product"}],"about":[{"href":"https:\/\/firehouse.pe\/index.php?rest_route=\/wp\/v2\/types\/product"}],"replies":[{"embeddable":true,"href":"https:\/\/firehouse.pe\/index.php?rest_route=%2Fwp%2Fv2%2Fcomments&post=419"}],"wp:featuredmedia":[{"embeddable":true,"href":"https:\/\/firehouse.pe\/index.php?rest_route=\/wp\/v2\/media\/420"}],"wp:attachment":[{"href":"https:\/\/firehouse.pe\/index.php?rest_route=%2Fwp%2Fv2%2Fmedia&parent=419"}],"wp:term":[{"taxonomy":"product_cat","embeddable":true,"href":"https:\/\/firehouse.pe\/index.php?rest_route=%2Fwp%2Fv2%2Fproduct_cat&post=419"},{"taxonomy":"product_tag","embeddable":true,"href":"https:\/\/firehouse.pe\/index.php?rest_route=%2Fwp%2Fv2%2Fproduct_tag&post=419"}],"curies":[{"name":"wp","href":"https:\/\/api.w.org\/{rel}","templated":true}]}}