{"id":425,"date":"2025-02-18T23:19:02","date_gmt":"2025-02-19T04:19:02","guid":{"rendered":"https:\/\/firehouse.pe\/?post_type=product&#038;p=425"},"modified":"2025-02-18T23:19:02","modified_gmt":"2025-02-19T04:19:02","slug":"craneo-de-tamano-natural-con-musculos-pintados-xc-104b","status":"publish","type":"product","link":"https:\/\/firehouse.pe\/?product=craneo-de-tamano-natural-con-musculos-pintados-xc-104b","title":{"rendered":"Cr\u00e1neo de tama\u00f1o natural con m\u00fasculos pintados XC-104B"},"content":{"rendered":"","protected":false},"excerpt":{"rendered":"<p>Este modelo, basado en el modelo de cr\u00e1neo XC-104D, est\u00e1 pintado para mostrar los m\u00fasculos.  El lado izquierdo del cr\u00e1neo muestra los puntos de origen (rojo) y los puntos de inserci\u00f3n (azul)  de los m\u00fasculos. Embalaje: 18 piezas\/caja, 49 x 45 x 54 cm, 19 kg<\/p>\n","protected":false},"featured_media":426,"comment_status":"open","ping_status":"closed","template":"","meta":[],"product_cat":[21],"product_tag":[],"class_list":{"0":"post-425","1":"product","2":"type-product","3":"status-publish","4":"has-post-thumbnail","6":"product_cat-medical-training-devices","8":"first","9":"instock","10":"shipping-taxable","11":"purchasable","12":"product-type-simple"},"_links":{"self":[{"href":"https:\/\/firehouse.pe\/index.php?rest_route=\/wp\/v2\/product\/425","targetHints":{"allow":["GET"]}}],"collection":[{"href":"https:\/\/firehouse.pe\/index.php?rest_route=\/wp\/v2\/product"}],"about":[{"href":"https:\/\/firehouse.pe\/index.php?rest_route=\/wp\/v2\/types\/product"}],"replies":[{"embeddable":true,"href":"https:\/\/firehouse.pe\/index.php?rest_route=%2Fwp%2Fv2%2Fcomments&post=425"}],"wp:featuredmedia":[{"embeddable":true,"href":"https:\/\/firehouse.pe\/index.php?rest_route=\/wp\/v2\/media\/426"}],"wp:attachment":[{"href":"https:\/\/firehouse.pe\/index.php?rest_route=%2Fwp%2Fv2%2Fmedia&parent=425"}],"wp:term":[{"taxonomy":"product_cat","embeddable":true,"href":"https:\/\/firehouse.pe\/index.php?rest_route=%2Fwp%2Fv2%2Fproduct_cat&post=425"},{"taxonomy":"product_tag","embeddable":true,"href":"https:\/\/firehouse.pe\/index.php?rest_route=%2Fwp%2Fv2%2Fproduct_tag&post=425"}],"curies":[{"name":"wp","href":"https:\/\/api.w.org\/{rel}","templated":true}]}}