{"id":433,"date":"2025-02-18T23:24:55","date_gmt":"2025-02-19T04:24:55","guid":{"rendered":"https:\/\/firehouse.pe\/?post_type=product&#038;p=433"},"modified":"2025-02-18T23:24:55","modified_gmt":"2025-02-19T04:24:55","slug":"craneo-con-columna-cervical-xc-135","status":"publish","type":"product","link":"https:\/\/firehouse.pe\/?product=craneo-con-columna-cervical-xc-135","title":{"rendered":"Cr\u00e1neo con columna cervical XC-135"},"content":{"rendered":"","protected":false},"excerpt":{"rendered":"<p>Este cr\u00e1neo est\u00e1 montado de forma flexible sobre la columna cervical. Tambi\u00e9n se representan el rombenc\u00e9falo, la m\u00e9dula espinal, los nervios cervicales, las arterias vertebrales, la arteria basilar y las arterias cerebrales posteriores. Embalaje: 10 piezas\/caja, 74 x 43 x 29 cm, 14 kg<\/p>\n","protected":false},"featured_media":434,"comment_status":"open","ping_status":"closed","template":"","meta":[],"product_cat":[21],"product_tag":[],"class_list":{"0":"post-433","1":"product","2":"type-product","3":"status-publish","4":"has-post-thumbnail","6":"product_cat-medical-training-devices","8":"first","9":"instock","10":"shipping-taxable","11":"purchasable","12":"product-type-simple"},"_links":{"self":[{"href":"https:\/\/firehouse.pe\/index.php?rest_route=\/wp\/v2\/product\/433","targetHints":{"allow":["GET"]}}],"collection":[{"href":"https:\/\/firehouse.pe\/index.php?rest_route=\/wp\/v2\/product"}],"about":[{"href":"https:\/\/firehouse.pe\/index.php?rest_route=\/wp\/v2\/types\/product"}],"replies":[{"embeddable":true,"href":"https:\/\/firehouse.pe\/index.php?rest_route=%2Fwp%2Fv2%2Fcomments&post=433"}],"wp:featuredmedia":[{"embeddable":true,"href":"https:\/\/firehouse.pe\/index.php?rest_route=\/wp\/v2\/media\/434"}],"wp:attachment":[{"href":"https:\/\/firehouse.pe\/index.php?rest_route=%2Fwp%2Fv2%2Fmedia&parent=433"}],"wp:term":[{"taxonomy":"product_cat","embeddable":true,"href":"https:\/\/firehouse.pe\/index.php?rest_route=%2Fwp%2Fv2%2Fproduct_cat&post=433"},{"taxonomy":"product_tag","embeddable":true,"href":"https:\/\/firehouse.pe\/index.php?rest_route=%2Fwp%2Fv2%2Fproduct_tag&post=433"}],"curies":[{"name":"wp","href":"https:\/\/api.w.org\/{rel}","templated":true}]}}