{"id":482,"date":"2025-02-19T00:24:36","date_gmt":"2025-02-19T05:24:36","guid":{"rendered":"https:\/\/firehouse.pe\/?post_type=product&#038;p=482"},"modified":"2025-02-19T00:24:36","modified_gmt":"2025-02-19T05:24:36","slug":"modelo-de-acupuntura-de-cabeza-de-tamano-natural-xc-507a","status":"publish","type":"product","link":"https:\/\/firehouse.pe\/?product=modelo-de-acupuntura-de-cabeza-de-tamano-natural-xc-507a","title":{"rendered":"Modelo de acupuntura de cabeza de tama\u00f1o natural XC-507A"},"content":{"rendered":"","protected":false},"excerpt":{"rendered":"<p>Estos dos modelos representan todos los canales y puntos de acupuntura  importantes para la cabeza y el cuello. Tambi\u00e9n ilustran las l\u00edneas de  inserci\u00f3n de la terapia china para el cuero cabelludo, puntos \u00abadicionales\u00bb  seleccionados que no se encuentran en los canales primarios, como Yu  Yao, Yin Tang, Tai Yang y los puntos de acupuntura del microsistema facial.  Se incluye un folleto que describe los puntos. XC-507A Embalaje: 4 piezas\/caja, 64 x 47 x 46 cm, 10 kg<\/p>\n","protected":false},"featured_media":471,"comment_status":"open","ping_status":"closed","template":"","meta":[],"product_cat":[21],"product_tag":[],"class_list":{"0":"post-482","1":"product","2":"type-product","3":"status-publish","4":"has-post-thumbnail","6":"product_cat-medical-training-devices","8":"first","9":"instock","10":"shipping-taxable","11":"purchasable","12":"product-type-simple"},"_links":{"self":[{"href":"https:\/\/firehouse.pe\/index.php?rest_route=\/wp\/v2\/product\/482","targetHints":{"allow":["GET"]}}],"collection":[{"href":"https:\/\/firehouse.pe\/index.php?rest_route=\/wp\/v2\/product"}],"about":[{"href":"https:\/\/firehouse.pe\/index.php?rest_route=\/wp\/v2\/types\/product"}],"replies":[{"embeddable":true,"href":"https:\/\/firehouse.pe\/index.php?rest_route=%2Fwp%2Fv2%2Fcomments&post=482"}],"wp:featuredmedia":[{"embeddable":true,"href":"https:\/\/firehouse.pe\/index.php?rest_route=\/wp\/v2\/media\/471"}],"wp:attachment":[{"href":"https:\/\/firehouse.pe\/index.php?rest_route=%2Fwp%2Fv2%2Fmedia&parent=482"}],"wp:term":[{"taxonomy":"product_cat","embeddable":true,"href":"https:\/\/firehouse.pe\/index.php?rest_route=%2Fwp%2Fv2%2Fproduct_cat&post=482"},{"taxonomy":"product_tag","embeddable":true,"href":"https:\/\/firehouse.pe\/index.php?rest_route=%2Fwp%2Fv2%2Fproduct_tag&post=482"}],"curies":[{"name":"wp","href":"https:\/\/api.w.org\/{rel}","templated":true}]}}