{"id":506,"date":"2025-03-22T11:58:14","date_gmt":"2025-03-22T16:58:14","guid":{"rendered":"https:\/\/firehouse.pe\/?post_type=product&#038;p=506"},"modified":"2025-03-22T11:58:36","modified_gmt":"2025-03-22T16:58:36","slug":"lavadoras-industriales","status":"publish","type":"product","link":"https:\/\/firehouse.pe\/?product=lavadoras-industriales","title":{"rendered":"Lavadoras industriales"},"content":{"rendered":"","protected":false},"excerpt":{"rendered":"<p> Est\u00e1n dise\u00f1adas especialmente para la limpieza y desinfecci\u00f3n de EPIs Destacan por su gran capacidad, bajo nivel sonoro y el ahorro en el consumo energ\u00e9tico<\/p>\n","protected":false},"featured_media":507,"comment_status":"open","ping_status":"closed","template":"","meta":[],"product_cat":[30],"product_tag":[],"class_list":{"0":"post-506","1":"product","2":"type-product","3":"status-publish","4":"has-post-thumbnail","6":"product_cat-accesorios","8":"first","9":"instock","10":"shipping-taxable","11":"purchasable","12":"product-type-simple"},"_links":{"self":[{"href":"https:\/\/firehouse.pe\/index.php?rest_route=\/wp\/v2\/product\/506","targetHints":{"allow":["GET"]}}],"collection":[{"href":"https:\/\/firehouse.pe\/index.php?rest_route=\/wp\/v2\/product"}],"about":[{"href":"https:\/\/firehouse.pe\/index.php?rest_route=\/wp\/v2\/types\/product"}],"replies":[{"embeddable":true,"href":"https:\/\/firehouse.pe\/index.php?rest_route=%2Fwp%2Fv2%2Fcomments&post=506"}],"wp:featuredmedia":[{"embeddable":true,"href":"https:\/\/firehouse.pe\/index.php?rest_route=\/wp\/v2\/media\/507"}],"wp:attachment":[{"href":"https:\/\/firehouse.pe\/index.php?rest_route=%2Fwp%2Fv2%2Fmedia&parent=506"}],"wp:term":[{"taxonomy":"product_cat","embeddable":true,"href":"https:\/\/firehouse.pe\/index.php?rest_route=%2Fwp%2Fv2%2Fproduct_cat&post=506"},{"taxonomy":"product_tag","embeddable":true,"href":"https:\/\/firehouse.pe\/index.php?rest_route=%2Fwp%2Fv2%2Fproduct_tag&post=506"}],"curies":[{"name":"wp","href":"https:\/\/api.w.org\/{rel}","templated":true}]}}