{"id":540,"date":"2025-03-22T12:35:42","date_gmt":"2025-03-22T17:35:42","guid":{"rendered":"https:\/\/firehouse.pe\/?post_type=product&#038;p=540"},"modified":"2025-03-22T12:35:42","modified_gmt":"2025-03-22T17:35:42","slug":"anemometro-digital","status":"publish","type":"product","link":"https:\/\/firehouse.pe\/?product=anemometro-digital","title":{"rendered":"Anem\u00f3metro digital"},"content":{"rendered":"","protected":false},"excerpt":{"rendered":"<p>Nuestro anem\u00f3metro es un instrumento \u00fatil y r\u00e1pido en la obtenci\u00f3n de informaci\u00f3n relevante de la zona a trabajar, como la temperatura y humedad del ambiente, velocidad y flujo del aire, punto de roc\u00edo, temperatura de la bombilla h\u00fameda, etc.<\/p>\n","protected":false},"featured_media":541,"comment_status":"open","ping_status":"closed","template":"","meta":[],"product_cat":[31],"product_tag":[],"class_list":{"0":"post-540","1":"product","2":"type-product","3":"status-publish","4":"has-post-thumbnail","6":"product_cat-herramientas-forestales","8":"first","9":"instock","10":"shipping-taxable","11":"purchasable","12":"product-type-simple"},"_links":{"self":[{"href":"https:\/\/firehouse.pe\/index.php?rest_route=\/wp\/v2\/product\/540","targetHints":{"allow":["GET"]}}],"collection":[{"href":"https:\/\/firehouse.pe\/index.php?rest_route=\/wp\/v2\/product"}],"about":[{"href":"https:\/\/firehouse.pe\/index.php?rest_route=\/wp\/v2\/types\/product"}],"replies":[{"embeddable":true,"href":"https:\/\/firehouse.pe\/index.php?rest_route=%2Fwp%2Fv2%2Fcomments&post=540"}],"wp:featuredmedia":[{"embeddable":true,"href":"https:\/\/firehouse.pe\/index.php?rest_route=\/wp\/v2\/media\/541"}],"wp:attachment":[{"href":"https:\/\/firehouse.pe\/index.php?rest_route=%2Fwp%2Fv2%2Fmedia&parent=540"}],"wp:term":[{"taxonomy":"product_cat","embeddable":true,"href":"https:\/\/firehouse.pe\/index.php?rest_route=%2Fwp%2Fv2%2Fproduct_cat&post=540"},{"taxonomy":"product_tag","embeddable":true,"href":"https:\/\/firehouse.pe\/index.php?rest_route=%2Fwp%2Fv2%2Fproduct_tag&post=540"}],"curies":[{"name":"wp","href":"https:\/\/api.w.org\/{rel}","templated":true}]}}