{"id":544,"date":"2025-03-22T12:40:15","date_gmt":"2025-03-22T17:40:15","guid":{"rendered":"https:\/\/firehouse.pe\/?post_type=product&#038;p=544"},"modified":"2025-03-22T12:40:15","modified_gmt":"2025-03-22T17:40:15","slug":"cabo-fibra-de-vidrio","status":"publish","type":"product","link":"https:\/\/firehouse.pe\/?product=cabo-fibra-de-vidrio","title":{"rendered":"Cabo Fibra de Vidrio"},"content":{"rendered":"","protected":false},"excerpt":{"rendered":"<p>Mayor comodidad: reduce la fatiga del usuario y las lesiones por vibraciones. La forma c\u00f3moda del mango aumenta la eficiencia de la herramienta al eliminar movimientos innecesarios. Con un mejor control de las manos, este dise\u00f1o tambi\u00e9n reduce la fatiga del antebrazo y la formaci\u00f3n de ampollas en las manos, el cabo texturizado facilita el agarre de la herramienta sin resbalones.<\/p>\n","protected":false},"featured_media":545,"comment_status":"open","ping_status":"closed","template":"","meta":[],"product_cat":[31],"product_tag":[],"class_list":{"0":"post-544","1":"product","2":"type-product","3":"status-publish","4":"has-post-thumbnail","6":"product_cat-herramientas-forestales","8":"first","9":"instock","10":"shipping-taxable","11":"purchasable","12":"product-type-simple"},"_links":{"self":[{"href":"https:\/\/firehouse.pe\/index.php?rest_route=\/wp\/v2\/product\/544","targetHints":{"allow":["GET"]}}],"collection":[{"href":"https:\/\/firehouse.pe\/index.php?rest_route=\/wp\/v2\/product"}],"about":[{"href":"https:\/\/firehouse.pe\/index.php?rest_route=\/wp\/v2\/types\/product"}],"replies":[{"embeddable":true,"href":"https:\/\/firehouse.pe\/index.php?rest_route=%2Fwp%2Fv2%2Fcomments&post=544"}],"wp:featuredmedia":[{"embeddable":true,"href":"https:\/\/firehouse.pe\/index.php?rest_route=\/wp\/v2\/media\/545"}],"wp:attachment":[{"href":"https:\/\/firehouse.pe\/index.php?rest_route=%2Fwp%2Fv2%2Fmedia&parent=544"}],"wp:term":[{"taxonomy":"product_cat","embeddable":true,"href":"https:\/\/firehouse.pe\/index.php?rest_route=%2Fwp%2Fv2%2Fproduct_cat&post=544"},{"taxonomy":"product_tag","embeddable":true,"href":"https:\/\/firehouse.pe\/index.php?rest_route=%2Fwp%2Fv2%2Fproduct_tag&post=544"}],"curies":[{"name":"wp","href":"https:\/\/api.w.org\/{rel}","templated":true}]}}