{"id":546,"date":"2025-03-22T19:35:21","date_gmt":"2025-03-23T00:35:21","guid":{"rendered":"https:\/\/firehouse.pe\/?post_type=product&#038;p=546"},"modified":"2025-03-22T19:36:08","modified_gmt":"2025-03-23T00:36:08","slug":"chicote","status":"publish","type":"product","link":"https:\/\/firehouse.pe\/?product=chicote","title":{"rendered":"Chicote"},"content":{"rendered":"","protected":false},"excerpt":{"rendered":"<p>Herramienta de sofocaci\u00f3n de incendios con uso similar al batefuego, extingue y sofoca la llama por eliminaci\u00f3n del ox\u00edgeno al golpear la l\u00ednea de fuego. Est\u00e1 recomendado para actuar  en terrenos irregulares y con relieves, suelos pedregosos o vegetaci\u00f3n cerrada.<\/p>\n","protected":false},"featured_media":547,"comment_status":"open","ping_status":"closed","template":"","meta":[],"product_cat":[31],"product_tag":[],"class_list":{"0":"post-546","1":"product","2":"type-product","3":"status-publish","4":"has-post-thumbnail","6":"product_cat-herramientas-forestales","8":"first","9":"instock","10":"shipping-taxable","11":"purchasable","12":"product-type-simple"},"_links":{"self":[{"href":"https:\/\/firehouse.pe\/index.php?rest_route=\/wp\/v2\/product\/546","targetHints":{"allow":["GET"]}}],"collection":[{"href":"https:\/\/firehouse.pe\/index.php?rest_route=\/wp\/v2\/product"}],"about":[{"href":"https:\/\/firehouse.pe\/index.php?rest_route=\/wp\/v2\/types\/product"}],"replies":[{"embeddable":true,"href":"https:\/\/firehouse.pe\/index.php?rest_route=%2Fwp%2Fv2%2Fcomments&post=546"}],"wp:featuredmedia":[{"embeddable":true,"href":"https:\/\/firehouse.pe\/index.php?rest_route=\/wp\/v2\/media\/547"}],"wp:attachment":[{"href":"https:\/\/firehouse.pe\/index.php?rest_route=%2Fwp%2Fv2%2Fmedia&parent=546"}],"wp:term":[{"taxonomy":"product_cat","embeddable":true,"href":"https:\/\/firehouse.pe\/index.php?rest_route=%2Fwp%2Fv2%2Fproduct_cat&post=546"},{"taxonomy":"product_tag","embeddable":true,"href":"https:\/\/firehouse.pe\/index.php?rest_route=%2Fwp%2Fv2%2Fproduct_tag&post=546"}],"curies":[{"name":"wp","href":"https:\/\/api.w.org\/{rel}","templated":true}]}}